{"id":3,"date":"2024-10-22T14:26:09","date_gmt":"2024-10-22T14:26:09","guid":{"rendered":"https:\/\/tiinavaittinen.fi\/?page_id=3"},"modified":"2025-03-09T20:41:53","modified_gmt":"2025-03-09T20:41:53","slug":"privacy-policy","status":"publish","type":"page","link":"https:\/\/tiinavaittinen.fi\/index.php\/privacy-policy\/","title":{"rendered":"Yksityisyytesi"},"content":{"rendered":"\n<h2 class=\"wp-block-heading\">T\u00e4m\u00e4 on aluevaaliehdokas Tiina Vaittisen vaalisivu<\/h2>\n\n\n\n<p>Osoite; https:\/\/tiinavaittinen.fi.<\/p>\n\n\n\n<h2 class=\"wp-block-heading\">Kommentointi<\/h2>\n\n\n\n<p>Jos vierailijat j\u00e4tt\u00e4v\u00e4t kommentteja sivuille, kommenttilomake ker\u00e4\u00e4  lomakkeen kysym\u00e4t tiedot, sek\u00e4 vierailijan IP-osoitteen. Vierailijoiden kommentit tarkastaa my\u00f6s automaattinen spam detection -palvelu.<\/p>\n\n\n\n<p>Gravatar-palvelulle voidaan toimittaa s\u00e4hk\u00f6postiosoitteestasi luotu anonyymi merkkijono (jota kutsutaan my\u00f6s hashiksi), jotta voidaan n\u00e4hd\u00e4, k\u00e4yt\u00e4tk\u00f6 sit\u00e4. Gravatar-palvelun tietosuojak\u00e4yt\u00e4nt\u00f6 on saatavilla t\u00e4\u00e4ll\u00e4: https:\/\/automattic.com\/privacy\/. Kun kommenttisi on hyv\u00e4ksytty, profiilikuvasi n\u00e4kyy yleis\u00f6lle kommenttisi yhteydess\u00e4.<\/p>\n\n\n\n<h2 class=\"wp-block-heading\">Tukiryhm\u00e4lomake<\/h2>\n\n\n\n<p>Mik\u00e4li t\u00e4yt\u00e4t lomakkeen liitty\u00e4ksesi tukiryhm\u00e4\u00e4n tai antaaksesi suosituksen ehdokkaalle, ker\u00e4\u00e4mme lomakkeessa kysytyt tiedot. Lomakkeen tiedot s\u00e4ilytet\u00e4\u00e4n tietoturvallisesti salasanojen takana, ja tiedot h\u00e4vitet\u00e4\u00e4n vaalien j\u00e4lkeen. <\/p>\n\n\n\n<h2 class=\"wp-block-heading\">Ev\u00e4steet<\/h2>\n\n\n\n<p>Jos j\u00e4t\u00e4t kommentin sivustollemme, voit suostua nimesi, s\u00e4hk\u00f6postiosoitteesi ja verkkosivustosi tallentamiseen ev\u00e4steisiin. N\u00e4m\u00e4 ovat sinulle avuksi, jotta sinun ei tarvitse t\u00e4ytt\u00e4\u00e4 tietojasi uudelleen, kun j\u00e4t\u00e4t toisen kommentin. N\u00e4m\u00e4 ev\u00e4steet s\u00e4ilyv\u00e4t yhden vuoden ajan. <\/p>\n\n\n\n<h2 class=\"wp-block-heading\">Upotettu sis\u00e4lt\u00f6<\/h2>\n\n\n\n<p>T\u00e4m\u00e4n sivuston artikkelit voivat sis\u00e4lt\u00e4\u00e4 upotettua sis\u00e4lt\u00f6\u00e4 (esim. videoita, kuvia, artikkeleita jne.). Muiden verkkosivustojen upotettu sis\u00e4lt\u00f6 k\u00e4ytt\u00e4ytyy aivan samalla tavalla kuin jos k\u00e4vij\u00e4 olisi vieraillut toisella verkkosivustolla.<\/p>\n\n\n\n<p>N\u00e4m\u00e4 verkkosivustot voivat ker\u00e4t\u00e4 tietoja sinusta, k\u00e4ytt\u00e4\u00e4 ev\u00e4steit\u00e4, upottaa kolmannen osapuolen lis\u00e4seurantaa ja seurata vuorovaikutustasi upotetun sis\u00e4ll\u00f6n kanssa, mukaan lukien vuorovaikutuksen seuraaminen upotetun sis\u00e4ll\u00f6n kanssa, jos sinulla on tili ja olet kirjautunut sis\u00e4\u00e4n kyseiselle verkkosivustolle.<\/p>\n\n\n\n<h2 class=\"wp-block-heading\">Tietojasi koskevat oikeutesi<\/h2>\n\n\n\n<p>Voit pyyt\u00e4\u00e4, ett\u00e4 sinulle l\u00e4hetet\u00e4\u00e4n tiedosto sinusta hallussamme olevista henkil\u00f6tiedoista, mukaan lukien kaikki meille antamasi tiedot. Voit my\u00f6s pyyt\u00e4\u00e4, ett\u00e4 poistamme hallussamme olevat henkil\u00f6tietosi. T\u00e4m\u00e4 ei koske tietoja, jotka meid\u00e4n on s\u00e4ilytett\u00e4v\u00e4 hallinnollisista, oikeudellisista tai turvallisuussyist\u00e4.<\/p>\n","protected":false},"excerpt":{"rendered":"<p>T\u00e4m\u00e4 on aluevaaliehdokas Tiina Vaittisen vaalisivu Osoite; https:\/\/tiinavaittinen.fi. Kommentointi Jos vierailijat j\u00e4tt\u00e4v\u00e4t kommentteja sivuille, kommenttilomake ker\u00e4\u00e4 lomakkeen kysym\u00e4t tiedot, sek\u00e4 vierailijan IP-osoitteen. Vierailijoiden kommentit tarkastaa my\u00f6s automaattinen spam detection -palvelu. Gravatar-palvelulle voidaan toimittaa s\u00e4hk\u00f6postiosoitteestasi luotu anonyymi merkkijono (jota kutsutaan my\u00f6s hashiksi), jotta voidaan n\u00e4hd\u00e4, k\u00e4yt\u00e4tk\u00f6 sit\u00e4. Gravatar-palvelun tietosuojak\u00e4yt\u00e4nt\u00f6 on saatavilla t\u00e4\u00e4ll\u00e4: https:\/\/automattic.com\/privacy\/. Kun kommenttisi on&#8230;<\/p>\n","protected":false},"author":1,"featured_media":0,"parent":0,"menu_order":0,"comment_status":"closed","ping_status":"open","template":"","meta":{"footnotes":""},"class_list":["post-3","page","type-page","status-publish","hentry"],"jetpack_sharing_enabled":true,"_links":{"self":[{"href":"https:\/\/tiinavaittinen.fi\/index.php\/wp-json\/wp\/v2\/pages\/3","targetHints":{"allow":["GET"]}}],"collection":[{"href":"https:\/\/tiinavaittinen.fi\/index.php\/wp-json\/wp\/v2\/pages"}],"about":[{"href":"https:\/\/tiinavaittinen.fi\/index.php\/wp-json\/wp\/v2\/types\/page"}],"author":[{"embeddable":true,"href":"https:\/\/tiinavaittinen.fi\/index.php\/wp-json\/wp\/v2\/users\/1"}],"replies":[{"embeddable":true,"href":"https:\/\/tiinavaittinen.fi\/index.php\/wp-json\/wp\/v2\/comments?post=3"}],"version-history":[{"count":1,"href":"https:\/\/tiinavaittinen.fi\/index.php\/wp-json\/wp\/v2\/pages\/3\/revisions"}],"predecessor-version":[{"id":73,"href":"https:\/\/tiinavaittinen.fi\/index.php\/wp-json\/wp\/v2\/pages\/3\/revisions\/73"}],"wp:attachment":[{"href":"https:\/\/tiinavaittinen.fi\/index.php\/wp-json\/wp\/v2\/media?parent=3"}],"curies":[{"name":"wp","href":"https:\/\/api.w.org\/{rel}","templated":true}]}}